 = 10*u - 17285. What is the hundreds digit of u?
1
Suppose -2*a - a - 4*j + 78 = 0, 4*a = -3*j + 97. Suppose l - a = -16. What is the units digit of (-2118)/(-30) + 5*l/75?
1
Let b = 11 + -4. Let h(z) = -9 + z + 1 + 3 + z**2 - 6. What is the tens digit of h(b)?
4
Suppose k + 0*k - 206 = 0. Suppose -2*p - 4 = 0, -4*m + 116 = 4*p - 368. Let j = k - m. What is the units digit of j?
3
Suppose 12*h = 14*h - 6. Let b be -1 - (-1)/1*h. Suppose b*t + 87 = 5*t. What is the tens digit of t?
2
Suppose 2*s + 4 = 8. Suppose -6*v + 24 = s*v. Suppose 3*o - 5*o - 146 = -2*z, v*o = 2*z - 145. What is the tens digit of z?
7
Let x be (7*7/49)/((-4)/(-20)). Suppose 5*w - 4350 = -x*k, -3*k + k = -w - 1740. What is the hundreds digit of k?
8
Let w be -4 + (21 - -3)/3. Suppose -2*r = -w + 4. Suppose -t + 3*y + 452 = 4*t, -2*t - 4*y + 186 = r. What is the units digit of t?
1
Suppose 0 = -105*j + 100*j + 10755. Suppose -12*r + j = -9*r. What is the units digit of r?
7
Let g = 149 + -144. Suppose 3*x + 3*f = 1215, 0*f = -g*x + 2*f + 2039. What is the units digit of x?
7
Suppose 4*r + 26 = -p, -5*p + 24 = -3*r - 8*p. What is the hundreds digit of (6/(-2))/(8/(9312/r))?
5
Suppose 298613 = -23*t + 1117873. What is the thousands digit of t?
5
Let m(r) = 2 + 33*r + 35 - 115 + 36. What is the units digit of m(22)?
4
Suppose -t = 17 - 253. Suppose -s + 3*a = -t, 3*a + 457 = -3*s + 5*s. What is the tens digit of s?
2
Suppose 5*j - 576 - 574 = 0. Suppose -1600 - j = -6*m. What is the units digit of m?
5
Suppose -59245 = -27*g - 14*g. Let n = -916 + g. What is the units digit of n?
9
Suppose 0 = 76*h - 265*h + 91*h + 2072798. What is the thousands digit of h?
1
Let m(u) = -3049*u - 5379. What is the tens digit of m(-14)?
0
Let i(v) = 148*v**2 - 74*v - 270. What is the units digit of i(-4)?
4
Let j be (7 - 5)/((-2)/1774). Let w = -1140 - j. Suppose 5*k - w = -5*c + 111, -2*k = -4*c - 274. What is the hundreds digit of k?
1
Suppose 106*v - 13*v = 588858 + 167790. What is the thousands digit of v?
8
Let q(n) = 20*n**2 + 52 + 12*n + 10*n - 12*n + 34 + n**3. What is the units digit of q(-18)?
4
Let a(g) = 9*g**3 - 3*g**2 - 4*g - 2. Let r be a(-1). What is the tens digit of -4*(-2)/r*-40?
3
Let s(h) = h**3 + 6*h**2 + 5*h + 3. Suppose 0*j - 3*j + 15 = 5*v, 4*j - 5*v = 20. Let a(y) = y**2 - 8*y + 10. Let m be a(j). What is the units digit of s(m)?
3
Let p be 45/(-10)*(-5)/(-15)*-80. Suppose h + h = 84. What is the hundreds digit of (h/4)/(12/p)?
1
Suppose 525*o - 625*o = -87100. What is the hundreds digit of o?
8
Let q be 2 + (0 - 6) + 8. Suppose 6*l - 5*l = -q*s + 1113, -5*s + 1394 = 4*l. What is the units digit of s?
8
Suppose -5*t - 11 = -3*d, 0*t + 2 = -2*t. Suppose -3*s + 54 = 3*p - 141, d*s = -5*p + 118. What is the tens digit of s?
6
Let t be (-5260)/110 + 4/(-22). Let u be t/(-30) + 4/10. Suppose r + 3*m = 71, -2*r + 304 = 2*r + u*m. What is the units digit of r?
7
Suppose -258*q + 19615023 = -19*q + 154*q. What is the hundreds digit of q?
9
Let f(x) = 2*x**2 + 8*x - 56. Suppose 0 = 5*z + 9*k - 12*k - 109, 5*k = -2*z + 56. What is the thousands digit of f(z)?
1
Suppose 54*n - 3159593 = -359639. What is the ten thousands digit of n?
5
Let y be 4 - -4*17*4/2. Let q be (y/(-42))/((-2)/(-6) - 1). Suppose 276 = -c + 2*c + q*z, 0 = -c - 3*z + 280. What is the units digit of c?
6
Suppose 8520 = -76*b + 91*b. Suppose c = -4*z + 1172, 4*z - 4*c - b = 2*z. What is the units digit of z?
2
Let r be (-4 - 117)/(2/(-6)). Let n = r + -158. Let s = n - 13. What is the units digit of s?
2
Let w(l) = 19*l + 36. Let v(s) = 1. Let g(t) = 11*v(t) - w(t). Let j(z) = z**2 - 8*z + 6. Let r be j(6). What is the tens digit of g(r)?
8
Let q be 7 + (-2 - -3) + 2. Suppose -p = -5, 5*x - q = -2*p + 6*p. Suppose 3*y - 4*v + x = 0, -1 - 3 = 4*y - 4*v. What is the units digit of y?
2
Let g(f) = 248*f - 569. What is the units digit of g(50)?
1
Let d = -690 + 468. Let f = d - -350. What is the hundreds digit of f?
1
Suppose 35*m + 564360 = 30*m + 29*m. What is the hundreds digit of m?
5
Suppose -4*b + 2036 = j, 5*b - 537 = -5*j + 2008. Let g = b + -54. What is the hundreds digit of g?
4
Let c be (2 - 8)*9/((-216)/16). What is the units digit of (-695)/(-11 - -6) - c?
5
Suppose 10*y - 9*y = 4*w + 41168, y + 2*w = 41180. What is the ten thousands digit of y?
4
Let c(v) = 4*v**3 + v**2 - v + 1. Let j(d) = -d**3 + 5*d**2 - d - 11. Let r be j(4). Let u be c(r). What is the tens digit of (-66)/u*(-440)/66?
8
Let i = 10833 - -1092. What is the tens digit of i?
2
Let t(l) = 257*l**2 + 25*l + 184. What is the tens digit of t(-5)?
8
Let l(r) = r**2 + 144*r - 1004. What is the thousands digit of l(120)?
0
Suppose l = -3*m + 4*l - 9, 2*m - 3*l + 4 = 0. Let b be 3 + (-32)/10 - 361/m. Suppose y + 10 = n + 26, -3*y - 5*n + b = 0. What is the tens digit of y?
1
Let z = -60479 + 112787. What is the units digit of z?
8
Let v = 64489 + -42716. What is the hundreds digit of v?
7
Suppose -328 = 3*b - 4*b. Let p = 709 - b. What is the units digit of p?
1
Let f(q) = 5*q**3 - 5*q**2 + 2*q + 11. Let a be f(3). Let w = a - -263. What is the hundreds digit of w?
3
Suppose -y = -5, -6*g - y + 9095 + 7020 = 0. What is the hundreds digit of g?
6
Suppose -3 + 9 = -3*g. Let j be 0 + (-1 + 2)*4/g. What is the tens digit of 12/18*(-168)/j?
5
Suppose -409 = -2*s + 3*p, 2*s + p = 286 + 143. Suppose -208*t - 328 = -s*t. What is the units digit of t?
2
What is the hundreds digit of (9712/(-24))/((-22)/4224)?
6
Let w be 3*1/3 - (1 - -1). Let t be (-20)/(-50) - 3026/10*w. Let f = t - 133. What is the hundreds digit of f?
1
Suppose 25 = 3*u + 2*z, 5*u + 7*z = 2*z + 40. What is the units digit of -1 + -3*u/((-108)/160)?
9
What is the tens digit of (-1800)/(-540) - (-156)/9*2726?
5
Let b(j) = -j**3 + 8*j**2 + 23*j - 25. Let m be b(10). Suppose 0 = -3*x - m*u + 2013, 2*u = 3*x - 5*x + 1338. What is the units digit of x?
6
Suppose -7*w + w + 24 = 0. Suppose -3*u - 55 = -w*u. Suppose -5*v - d = -3*d - u, 43 = 2*v - 5*d. What is the units digit of v?
9
Let p(i) = 15*i**2 - 6 - 9 + 0*i + i**2 + 3*i. Let j be p(10). What is the hundreds digit of (-4)/6*(-2 + j/(-10))?
1
What is the units digit of (-715696)/(-80) - (1 - 9/5)?
7
Let o(r) = -567*r - 1452. What is the ten thousands digit of o(-30)?
1
Let y(i) = -7*i**2 - 2*i + 9. Let v be y(-5). Let z be (-1)/2*6 - (2 - 3). What is the hundreds digit of -20*v/(-32)*z?
1
Let n(i) = -5*i - 29. Suppose 2*p = 2*c - 48, -5*c + 6 = -2*p + 3*p. Let y be n(p). Suppose 2*t + 4*o - 40 = 0, 5*t = 3*o + y - 5. What is the tens digit of t?
1
Let m(c) be the third derivative of -83*c**4/24 - c**3/2 - 9*c**2. Let z(n) = 82*n + 2. Let b(r) = -5*m(r) - 6*z(r). What is the units digit of b(-1)?
0
Suppose 18*x - 12*x - 12 = 0. What is the units digit of 243 + x + -1 + -5?
9
Suppose -2*r = 5*g - 33, -9*r + 6*r + 5*g + 87 = 0. Suppose 12*v - r = 4*v. Suppose -241 = -2*q - v*j + 8*j, q - 128 = 4*j. What is the hundreds digit of q?
1
Suppose 7*m - 102 = -11. Suppose 3*o = m*o - 7830. What is the tens digit of o?
8
Let v(u) = 5*u**3 + 4*u**2 - 4. Let h be v(-2). Let m(z) = z**3 + 28*z**2 - 21*z + 26. What is the tens digit of m(h)?
1
Let w(y) = -3339*y**3 + 2*y**2 - 15*y - 17. What is the tens digit of w(-1)?
3
Let f be 20/(((-2)/(-5))/2). Let z be (5/(-75)*6)/((-8)/(-280)). Let k = f + z. What is the units digit of k?
6
Suppose 3*f - f - 21591 = -v, -v = 1. What is the hundreds digit of f?
7
Let u be 462/88 - ((-2)/(-8) - 0). Suppose 0 = -u*k + 199 + 576. Suppose k = 2*x + 13. What is the tens digit of x?
7
Let k = -11 - -22. Let o(t) = t**2 + 84*t + 177. Let y be o(-82). Suppose -k*c = -y*c + 194. What is the tens digit of c?
9
Let g = -1403 - -1410. Let r(s) = 4*s**2 + 12*s - 16. Let z(u) = -u - 1. Let m(w) = r(w) + 4*z(w). What is the hundreds digit of m(g)?
2
Let l be 2754/24 - -6 - (-1)/4. Suppose 0 = -d - 3*o + 211, -2*o - l = -d + 105. What is the tens digit of d?
2
Suppose 2*q + 2*c = 50, 4*q - 4*c - 152 = -q. Suppose 2*h - 348 + q = 4*r, -3*h + r + 455 = 0. What is the tens digit of (h/9)/((-7)/(-42))?
0
Suppose -13129 = -s - 2*v, -8*v + 7*v - 39443 = -3*s. What is the thousands digit of s?
3
Suppose -22 + 18 = -2*u. Suppose -g = -5*h - 1120, g + u*h - 641 - 458 = 0. What is the thousands digit of g?
1
Let k(s) = -15 + 15 